{"id":12,"date":"2022-07-14T08:33:57","date_gmt":"2022-07-14T06:33:57","guid":{"rendered":"http:\/\/istitutocomprensivoprimosora.edu.it\/scuola\/index.php\/la-scuola\/presentazione\/"},"modified":"2025-11-21T19:25:03","modified_gmt":"2025-11-21T18:25:03","slug":"presentazione","status":"publish","type":"page","link":"https:\/\/istitutocomprensivoprimosora.edu.it\/scuola\/la-scuola\/presentazione\/","title":{"rendered":"Presentazione"},"content":{"rendered":"<p>L\u2019Istituto Comprensivo \u201c1 Sora\u201d \u00e8 stato istituto nell\u2019a.s. 2012\/13 a seguito del dimensionamento scolastico che ha interessato tutte le scuole del primo ciclo del Comune di Sora.<\/p>\n<p>E\u2019 costituito da 3 Plessi che sono ubicati nel centro della citt\u00e0 di Sora. Facilmente raggiungibili e distanti poche centinaia di metri tra loro. Essi sono:<\/p>\n<p>1)Plesso \u201cRione Napoli\u201d sito in via Lungoliri Cavour in cui sono allocate 5 sezioni della scuola dell\u2019Infanzia.<\/p>\n<p>2)Plesso \u201cArduino Carbone\u201d in via Dante Alighieri che accoglie:<br \/>\nN.1 sezione \u201cPrimavera\u201d per i bimbi da 2 a 3 anni<br \/>\nN.3 sezioni della scuola dell\u2019Infanzia<br \/>\nN.17 classi della scuola Primaria<\/p>\n<p>3)Plesso \u201cGiuseppe Rosati\u201d in via Lungoliri Simoncelli in cui, oltre all\u2019Ufficio del Dirigente Scolastico e delle segreterie ci sono:<\/p>\n<p>N.3 classi quinte della Scuola Primaria<br \/>\nN.12 classi scuola secondaria di primo grado<\/p>\n<p>Finalit\u00e0 dell\u2019Istituto sono in particolare quelle di:<\/p>\n<p>\u25cfCredere nel \u201ccambiamento\u201d ovvero porsi nei confronti degli alunni con la certezza che tutto pu\u00f2 essere migliorato, favorendo azioni che permettano di crescere come uomini\/donne consapevoli e cittadini\/e attivi\/e, \u201ccostruttori\u201d e \u201ccostruttrici\u201d della nuova societ\u00e0 per il raggiungimento del bene comune.<br \/>\n\u25cfAccogliere ogni alunno con la sua storia personale, ognuna diversa dall\u2019altra.<br \/>\n\u25cfDifferenziare la proposta formativa adeguandola alle esigenze di ciascun alunne e degli alunni;<br \/>\n\u25cfValorizzare le molteplici risorse esistenti sul territorio (enti locali, associazioni culturali e professionali, societ\u00e0 sportive, gruppi di volontariato, ma anche organismi privati) allo scopo di realizzare un progetto educativo ricco e articolato;<br \/>\n\u25cfCreare una interconnessione di rete con le famiglie, gli Enti e le Associazioni del territorio volta alla formazione globale.<br \/>\n\u25cfUnitamente all\u2019inclusione, che si esplica nel riconoscimento del valore di ognuno, attuare l\u2019integrazione ovvero offrire le opportunit\u00e0 necessarie per inserirsi in modo efficace nel gruppo classe, nella scuola e nella societ\u00e0 anche premiando e favorendo le eccellenze.<br \/>\n\u25cfFavorire relazioni tra gli alunni per permettano loro di rispettarsi vicendevolmente e condividere la crescita personale e civile di ciascuno; stimolare un clima pedagogico che, oltre il punteggio docimologico, utile per segnare le tappe dell\u2019apprendimento, sia implementato dalla capacit\u00e0 di strutturare rapporti di amicizia, di solidariet\u00e0, di affettivit\u00e0, di fiducia e di rispetto dell\u2019ecosistema.<\/p>\n","protected":false},"excerpt":{"rendered":"<p>L\u2019Istituto Comprensivo \u201c1 Sora\u201d \u00e8 stato istituto nell\u2019a.s. 2012\/13 a seguito del dimensionamento scolastico che ha interessato tutte le scuole del primo ciclo del Comune di Sora. E\u2019 costituito da 3 Plessi che sono ubicati nel [&hellip;]<\/p>\n","protected":false},"author":1,"featured_media":0,"parent":5,"menu_order":0,"comment_status":"closed","ping_status":"closed","template":"page-templates\/presentazione.php","meta":{"footnotes":""},"tags":[],"class_list":["post-12","page","type-page","status-publish","hentry"],"_links":{"self":[{"href":"https:\/\/istitutocomprensivoprimosora.edu.it\/scuola\/wp-json\/wp\/v2\/pages\/12","targetHints":{"allow":["GET"]}}],"collection":[{"href":"https:\/\/istitutocomprensivoprimosora.edu.it\/scuola\/wp-json\/wp\/v2\/pages"}],"about":[{"href":"https:\/\/istitutocomprensivoprimosora.edu.it\/scuola\/wp-json\/wp\/v2\/types\/page"}],"author":[{"embeddable":true,"href":"https:\/\/istitutocomprensivoprimosora.edu.it\/scuola\/wp-json\/wp\/v2\/users\/1"}],"replies":[{"embeddable":true,"href":"https:\/\/istitutocomprensivoprimosora.edu.it\/scuola\/wp-json\/wp\/v2\/comments?post=12"}],"version-history":[{"count":7,"href":"https:\/\/istitutocomprensivoprimosora.edu.it\/scuola\/wp-json\/wp\/v2\/pages\/12\/revisions"}],"predecessor-version":[{"id":2441,"href":"https:\/\/istitutocomprensivoprimosora.edu.it\/scuola\/wp-json\/wp\/v2\/pages\/12\/revisions\/2441"}],"up":[{"embeddable":true,"href":"https:\/\/istitutocomprensivoprimosora.edu.it\/scuola\/wp-json\/wp\/v2\/pages\/5"}],"wp:attachment":[{"href":"https:\/\/istitutocomprensivoprimosora.edu.it\/scuola\/wp-json\/wp\/v2\/media?parent=12"}],"wp:term":[{"taxonomy":"post_tag","embeddable":true,"href":"https:\/\/istitutocomprensivoprimosora.edu.it\/scuola\/wp-json\/wp\/v2\/tags?post=12"}],"curies":[{"name":"wp","href":"https:\/\/api.w.org\/{rel}","templated":true}]}}

<p>L’Istituto Comprensivo “1 Sora” è stato istituto nell’a.s. 2012/13 a seguito del dimensionamento scolastico che ha interessato tutte le scuole del primo ciclo del Comune di Sora.</p>
<p>E’ costituito da 3 Plessi che sono ubicati nel centro della città di Sora. Facilmente raggiungibili e distanti poche centinaia di metri tra loro. Essi sono:</p>
<p>1)Plesso “Rione Napoli” sito in via Lungoliri Cavour in cui sono allocate 5 sezioni della scuola dell’Infanzia.</p>
<p>2)Plesso “Arduino Carbone” in via Dante Alighieri che accoglie:<br />
N.1 sezione “Primavera” per i bimbi da 2 a 3 anni<br />
N.3 sezioni della scuola dell’Infanzia<br />
N.17 classi della scuola Primaria</p>
<p>3)Plesso “Giuseppe Rosati” in via Lungoliri Simoncelli in cui, oltre all’Ufficio del Dirigente Scolastico e delle segreterie ci sono:</p>
<p>N.3 classi quinte della Scuola Primaria<br />
N.12 classi scuola secondaria di primo grado</p>
<p>Finalità dell’Istituto sono in particolare quelle di:</p>
<p>●Credere nel “cambiamento” ovvero porsi nei confronti degli alunni con la certezza che tutto può essere migliorato, favorendo azioni che permettano di crescere come uomini/donne consapevoli e cittadini/e attivi/e, “costruttori” e “costruttrici” della nuova società per il raggiungimento del bene comune.<br />
●Accogliere ogni alunno con la sua storia personale, ognuna diversa dall’altra.<br />
●Differenziare la proposta formativa adeguandola alle esigenze di ciascun alunne e degli alunni;<br />
●Valorizzare le molteplici risorse esistenti sul territorio (enti locali, associazioni culturali e professionali, società sportive, gruppi di volontariato, ma anche organismi privati) allo scopo di realizzare un progetto educativo ricco e articolato;<br />
●Creare una interconnessione di rete con le famiglie, gli Enti e le Associazioni del territorio volta alla formazione globale.<br />
●Unitamente all’inclusione, che si esplica nel riconoscimento del valore di ognuno, attuare l’integrazione ovvero offrire le opportunità necessarie per inserirsi in modo efficace nel gruppo classe, nella scuola e nella società anche premiando e favorendo le eccellenze.<br />
●Favorire relazioni tra gli alunni per permettano loro di rispettarsi vicendevolmente e condividere la crescita personale e civile di ciascuno; stimolare un clima pedagogico che, oltre il punteggio docimologico, utile per segnare le tappe dell’apprendimento, sia implementato dalla capacità di strutturare rapporti di amicizia, di solidarietà, di affettività, di fiducia e di rispetto dell’ecosistema.</p>

<p>L’Istituto Comprensivo “1 Sora” è stato istituto nell’a.s. 2012/13 a seguito del dimensionamento scolastico che ha interessato tutte le scuole del primo ciclo del Comune di Sora. E’ costituito da 3 Plessi che sono ubicati nel [&hellip;]</p>
