{"id":720,"date":"2024-02-21T15:57:26","date_gmt":"2024-02-21T14:57:26","guid":{"rendered":"http:\/\/istitutocomprensivoprimosora.edu.it\/scuola\/?page_id=720"},"modified":"2024-02-21T16:01:57","modified_gmt":"2024-02-21T15:01:57","slug":"vii-festival-delle-idee-2023-2024","status":"publish","type":"page","link":"http:\/\/istitutocomprensivoprimosora.edu.it\/scuola\/vii-festival-delle-idee-2023-2024\/","title":{"rendered":"VII FESTIVAL DELLE IDEE 2023-2024"},"content":{"rendered":"<p>\u201cFUTURO SOSTENIBILE\u201d continua a essere il fil rouge della tematica triennale del VII Festival delle Idee elaborata e presentata dalla Commissione ai docenti del Comprensivo I Sora. Le finalit\u00e0 mirano, nello specifico, ad approfondire ogni anno un aspetto legato alla sostenibilit\u00e0: OUR HEALTH, lo scorso anno; OUR PEOPLE, in questo che \u00e8 il secondo anno; OUR PLANET l\u2019anno prossimo.<br \/>\nAnche quest\u2019anno gli argomenti di Educazione Civica si intersecano con i punti dell\u2019Agenda 2030 e del VII Festival delle Idee, in questo secondo anno OUR PEOPLE sar\u00e0 l\u2019argomento principale che verr\u00e0 trattato in tutte le discipline. Gli alunni saranno guidati a scoprire il messaggio di Montesquieu che enuncia \u201cUn\u2019ingiustizia fatta all\u2019individuo \u00e8 una minaccia fatta a tutta la societ\u00e0\u201d.<br \/>\nLa mappa interattiva \u00e8 composta da cinque titoli che riguardano e sviluppano: Costituzione: le nostre radici; Dichiarazione universale dei diritti umani: vivere in comunit\u00e0; Agenda 2030: migliorare la vita delle persone; Aprirsi alla realt\u00e0 del nostro territorio; La lettura nutrimento della mente<\/p>\n<p><img loading=\"lazy\" decoding=\"async\" src=\"https:\/\/www.istitutocomprensivoprimosora.edu.it\/Home2\/wp-content\/uploads\/2023\/11\/DEFINITIVO_MAPPA_FUTURO_SOSTENIBILE-2_page-0001-300x225.jpg\" width=\"300\" height=\"225\" class=\"alignnone size-medium\" \/><\/p>\n<p><strong>INIZIATIVE VII FESTIVAL DELLE IDEE a.s. 2023\/2024<\/strong><br \/>\n<a href=\"https:\/\/drive.google.com\/file\/d\/1FxYYVtPw4vPZL43qb17InyXBMZNEJkzk\/view?usp=drive_link\">Giornata dell&#8217;Albero<\/a><br \/>\n<a href=\"https:\/\/drive.google.com\/file\/d\/18-7KF3PiwYQxvrVHqfHvxrxfv5EXBUXy\/view?usp=drive_link\">Libriamoci<\/a><br \/>\n<a href=\"https:\/\/drive.google.com\/file\/d\/1QA7k8_NrmBsUkwWJ_hmDBwxe7Qx89Ub1\/view?usp=drive_link\">I giochi dell&#8217;anima<\/a><br \/>\n<a href=\"https:\/\/drive.google.com\/file\/d\/1NwY9yPzE60MEGwYR69Di_F0RwF7hhTe-\/view?usp=sharing\">un libro ti fa grande<\/a><br \/>\n<a href=\"https:\/\/drive.google.com\/file\/d\/1RJUe1zmI-e7CNJ0GCu8wsg7de9ped5qc\/view?usp=sharing\">Io leggo perch\u00e8<\/a><\/p>\n","protected":false},"excerpt":{"rendered":"<p>\u201cFUTURO SOSTENIBILE\u201d continua a essere il fil rouge della tematica triennale del VII Festival delle Idee elaborata e presentata dalla Commissione ai docenti del Comprensivo I Sora. Le finalit\u00e0 mirano, nello specifico, ad approfondire ogni anno [&hellip;]<\/p>\n","protected":false},"author":1,"featured_media":0,"parent":0,"menu_order":0,"comment_status":"closed","ping_status":"closed","template":"","meta":{"footnotes":""},"tags":[],"class_list":["post-720","page","type-page","status-publish","hentry"],"_links":{"self":[{"href":"http:\/\/istitutocomprensivoprimosora.edu.it\/scuola\/wp-json\/wp\/v2\/pages\/720","targetHints":{"allow":["GET"]}}],"collection":[{"href":"http:\/\/istitutocomprensivoprimosora.edu.it\/scuola\/wp-json\/wp\/v2\/pages"}],"about":[{"href":"http:\/\/istitutocomprensivoprimosora.edu.it\/scuola\/wp-json\/wp\/v2\/types\/page"}],"author":[{"embeddable":true,"href":"http:\/\/istitutocomprensivoprimosora.edu.it\/scuola\/wp-json\/wp\/v2\/users\/1"}],"replies":[{"embeddable":true,"href":"http:\/\/istitutocomprensivoprimosora.edu.it\/scuola\/wp-json\/wp\/v2\/comments?post=720"}],"version-history":[{"count":6,"href":"http:\/\/istitutocomprensivoprimosora.edu.it\/scuola\/wp-json\/wp\/v2\/pages\/720\/revisions"}],"predecessor-version":[{"id":726,"href":"http:\/\/istitutocomprensivoprimosora.edu.it\/scuola\/wp-json\/wp\/v2\/pages\/720\/revisions\/726"}],"wp:attachment":[{"href":"http:\/\/istitutocomprensivoprimosora.edu.it\/scuola\/wp-json\/wp\/v2\/media?parent=720"}],"wp:term":[{"taxonomy":"post_tag","embeddable":true,"href":"http:\/\/istitutocomprensivoprimosora.edu.it\/scuola\/wp-json\/wp\/v2\/tags?post=720"}],"curies":[{"name":"wp","href":"https:\/\/api.w.org\/{rel}","templated":true}]}}

<p>“FUTURO SOSTENIBILE” continua a essere il fil rouge della tematica triennale del VII Festival delle Idee elaborata e presentata dalla Commissione ai docenti del Comprensivo I Sora. Le finalità mirano, nello specifico, ad approfondire ogni anno un aspetto legato alla sostenibilità: OUR HEALTH, lo scorso anno; OUR PEOPLE, in questo che è il secondo anno; OUR PLANET l’anno prossimo.<br />
Anche quest’anno gli argomenti di Educazione Civica si intersecano con i punti dell’Agenda 2030 e del VII Festival delle Idee, in questo secondo anno OUR PEOPLE sarà l’argomento principale che verrà trattato in tutte le discipline. Gli alunni saranno guidati a scoprire il messaggio di Montesquieu che enuncia “Un’ingiustizia fatta all’individuo è una minaccia fatta a tutta la società”.<br />
La mappa interattiva è composta da cinque titoli che riguardano e sviluppano: Costituzione: le nostre radici; Dichiarazione universale dei diritti umani: vivere in comunità; Agenda 2030: migliorare la vita delle persone; Aprirsi alla realtà del nostro territorio; La lettura nutrimento della mente</p>
<p><img loading="lazy" decoding="async" src="https://www.istitutocomprensivoprimosora.edu.it/Home2/wp-content/uploads/2023/11/DEFINITIVO_MAPPA_FUTURO_SOSTENIBILE-2_page-0001-300x225.jpg" width="300" height="225" class="alignnone size-medium" /></p>
<p><strong>INIZIATIVE VII FESTIVAL DELLE IDEE a.s. 2023/2024</strong><br />
<a href="https://drive.google.com/file/d/1FxYYVtPw4vPZL43qb17InyXBMZNEJkzk/view?usp=drive_link">Giornata dell&#8217;Albero</a><br />
<a href="https://drive.google.com/file/d/18-7KF3PiwYQxvrVHqfHvxrxfv5EXBUXy/view?usp=drive_link">Libriamoci</a><br />
<a href="https://drive.google.com/file/d/1QA7k8_NrmBsUkwWJ_hmDBwxe7Qx89Ub1/view?usp=drive_link">I giochi dell&#8217;anima</a><br />
<a href="https://drive.google.com/file/d/1NwY9yPzE60MEGwYR69Di_F0RwF7hhTe-/view?usp=sharing">un libro ti fa grande</a><br />
<a href="https://drive.google.com/file/d/1RJUe1zmI-e7CNJ0GCu8wsg7de9ped5qc/view?usp=sharing">Io leggo perchè</a></p>

<p>“FUTURO SOSTENIBILE” continua a essere il fil rouge della tematica triennale del VII Festival delle Idee elaborata e presentata dalla Commissione ai docenti del Comprensivo I Sora. Le finalità mirano, nello specifico, ad approfondire ogni anno [&hellip;]</p>
