{"id":676,"date":"2024-02-19T16:40:49","date_gmt":"2024-02-19T15:40:49","guid":{"rendered":"http:\/\/istitutocomprensivoprimosora.edu.it\/scuola\/?page_id=676"},"modified":"2024-02-19T16:59:18","modified_gmt":"2024-02-19T15:59:18","slug":"fondi-strutturali-europei-pon-2014-2020","status":"publish","type":"page","link":"http:\/\/istitutocomprensivoprimosora.edu.it\/scuola\/fondi-strutturali-europei-pon-2014-2020\/","title":{"rendered":"Fondi strutturali europei PON 2014 \u2013 2020"},"content":{"rendered":"<p><strong>Cosa sono i Fondi Strutturali Europei?<\/strong><br \/>I Fondi strutturali e di investimento europei (Fondi SIE) sono i principali strumenti finanziari della politica regionale dell\u2019Unione europea il cui scopo \u00e8 quello di rafforzare la coesione economica, sociale e territoriale riducendo il divario fra le regioni pi\u00f9 avanzate e quelle in ritardo di sviluppo.<br \/>Le risorse previste da questi fondi vengono distribuite secondo una programmazione settennale. Al fine di rafforzare il sistema dell\u2019istruzione e della formazione, il Ministero dell\u2019Istruzione, dell\u2019Universit\u00e0 e della Ricerca (MIUR) ha promosso la realizzazione di interventi finanziati dai Fondi Strutturali durante tre cicli di programmazione (1994-1999; 2000-2006 e 2007-2013).<br \/>Per il periodo di programmazione 2014-2020, il MIUR sar\u00e0 responsabile dell\u2019attuazione del Programma Operativo Nazionale \u201cPer la Scuola. Competenze e ambienti per l\u2019apprendimento\u201d (PON), che prevede interventi di sviluppo delle competenze, finanziati dal FSE, ed interventi per il miglioramento degli ambienti e delle attrezzature per la didattica, finanziati dal FESR.<\/p>\n<p>Il Fondo Sociale Europeo (FSE), investe nelle persone, riservando speciale attenzione al miglioramento delle opportunit\u00e0 di formazione e occupazione. Si propone, inoltre, di aiutare le persone svantaggiate a rischio di povert\u00e0 o esclusione sociale. Il FSE si concentrer\u00e0 su quattro obiettivi tematici della politica di coesione: la promozione dell\u2019occupazione e il sostegno alla mobilit\u00e0 dei lavoratori; la promozione dell\u2019inclusione sociale e la lotta contro la povert\u00e0; l\u2019investimento in istruzione, competenze e apprendimento permanente; il miglioramento della capacit\u00e0 istituzionale e l\u2019efficienza dell\u2019amministrazione pubblica.<\/p>\n<p><blockquote class=\"wp-embedded-content\" data-secret=\"XoabpdE6pb\"><a href=\"http:\/\/istitutocomprensivoprimosora.edu.it\/scuola\/?page_id=684\">13.1.5A-FESRPON-LA2022-148 \u201cAMBIENTI DIDATTICI INNOVATIVI PER LE SCUOLE DELL\u2019INFANZIA\u201d<\/a><\/blockquote><iframe loading=\"lazy\" class=\"wp-embedded-content\" sandbox=\"allow-scripts\" security=\"restricted\" style=\"position: absolute; clip: rect(1px, 1px, 1px, 1px);\" title=\"&#8220;13.1.5A-FESRPON-LA2022-148 \u201cAMBIENTI DIDATTICI INNOVATIVI PER LE SCUOLE DELL\u2019INFANZIA\u201d&#8221; &#8212; Istituto Comprensivo &quot;Sora 1&quot;\" src=\"http:\/\/istitutocomprensivoprimosora.edu.it\/scuola\/?page_id=684&#038;embed=true#?secret=9BU5TPRKsT#?secret=XoabpdE6pb\" data-secret=\"XoabpdE6pb\" width=\"500\" height=\"282\" frameborder=\"0\" marginwidth=\"0\" marginheight=\"0\" scrolling=\"no\"><\/iframe><\/p>\n\n\n<figure class=\"wp-block-embed is-type-wp-embed is-provider-istituto-comprensivo-quot-sora-1-quot wp-block-embed-istituto-comprensivo-quot-sora-1-quot\"><div class=\"wp-block-embed__wrapper\">\n<blockquote class=\"wp-embedded-content\" data-secret=\"b2rUqzdykT\"><a href=\"http:\/\/istitutocomprensivoprimosora.edu.it\/scuola\/?page_id=687\">POC-FSE Socialit\u00e0, Apprendimenti e Accoglienza<\/a><\/blockquote><iframe loading=\"lazy\" class=\"wp-embedded-content\" sandbox=\"allow-scripts\" security=\"restricted\" style=\"position: absolute; clip: rect(1px, 1px, 1px, 1px);\" title=\"&#8220;POC-FSE Socialit\u00e0, Apprendimenti e Accoglienza&#8221; &#8212; Istituto Comprensivo &quot;Sora 1&quot;\" src=\"http:\/\/istitutocomprensivoprimosora.edu.it\/scuola\/?page_id=687&#038;embed=true#?secret=u10AC6hBT0#?secret=b2rUqzdykT\" data-secret=\"b2rUqzdykT\" width=\"500\" height=\"282\" frameborder=\"0\" marginwidth=\"0\" marginheight=\"0\" scrolling=\"no\"><\/iframe>\n<\/div><\/figure>\n\n\n\n<figure class=\"wp-block-embed is-type-wp-embed is-provider-istituto-comprensivo-quot-sora-1-quot wp-block-embed-istituto-comprensivo-quot-sora-1-quot\"><div class=\"wp-block-embed__wrapper\">\n<blockquote class=\"wp-embedded-content\" data-secret=\"8K6c1NPSJR\"><a href=\"http:\/\/istitutocomprensivoprimosora.edu.it\/scuola\/?page_id=690\">10.2.2A-FDRPOC-LA-2022-142 \u201cCOMPETENZE DI BASE\u201d<\/a><\/blockquote><iframe loading=\"lazy\" class=\"wp-embedded-content\" sandbox=\"allow-scripts\" security=\"restricted\" style=\"position: absolute; clip: rect(1px, 1px, 1px, 1px);\" title=\"&#8220;10.2.2A-FDRPOC-LA-2022-142 \u201cCOMPETENZE DI BASE\u201d&#8221; &#8212; Istituto Comprensivo &quot;Sora 1&quot;\" src=\"http:\/\/istitutocomprensivoprimosora.edu.it\/scuola\/?page_id=690&#038;embed=true#?secret=5aNxbkEFjp#?secret=8K6c1NPSJR\" data-secret=\"8K6c1NPSJR\" width=\"500\" height=\"282\" frameborder=\"0\" marginwidth=\"0\" marginheight=\"0\" scrolling=\"no\"><\/iframe>\n<\/div><\/figure>\n\n\n\n<figure class=\"wp-block-embed is-type-wp-embed is-provider-istituto-comprensivo-quot-sora-1-quot wp-block-embed-istituto-comprensivo-quot-sora-1-quot\"><div class=\"wp-block-embed__wrapper\">\n<blockquote class=\"wp-embedded-content\" data-secret=\"QWsJUVRGGp\"><a href=\"http:\/\/istitutocomprensivoprimosora.edu.it\/scuola\/?page_id=693\">Progetti PON FESR a.s.2021<\/a><\/blockquote><iframe loading=\"lazy\" class=\"wp-embedded-content\" sandbox=\"allow-scripts\" security=\"restricted\" style=\"position: absolute; clip: rect(1px, 1px, 1px, 1px);\" title=\"&#8220;Progetti PON FESR a.s.2021&#8221; &#8212; Istituto Comprensivo &quot;Sora 1&quot;\" src=\"http:\/\/istitutocomprensivoprimosora.edu.it\/scuola\/?page_id=693&#038;embed=true#?secret=98HxjNd2Gm#?secret=QWsJUVRGGp\" data-secret=\"QWsJUVRGGp\" width=\"500\" height=\"282\" frameborder=\"0\" marginwidth=\"0\" marginheight=\"0\" scrolling=\"no\"><\/iframe>\n<\/div><\/figure>\n\n\n\n<figure class=\"wp-block-embed is-type-wp-embed is-provider-istituto-comprensivo-quot-sora-1-quot wp-block-embed-istituto-comprensivo-quot-sora-1-quot\"><div class=\"wp-block-embed__wrapper\">\n<blockquote class=\"wp-embedded-content\" data-secret=\"pdU4aJvwIe\"><a href=\"http:\/\/istitutocomprensivoprimosora.edu.it\/scuola\/?page_id=696\">PON \u201cDIGITAL BOARD\u201d<\/a><\/blockquote><iframe loading=\"lazy\" class=\"wp-embedded-content\" sandbox=\"allow-scripts\" security=\"restricted\" style=\"position: absolute; clip: rect(1px, 1px, 1px, 1px);\" title=\"&#8220;PON \u201cDIGITAL BOARD\u201d&#8221; &#8212; Istituto Comprensivo &quot;Sora 1&quot;\" src=\"http:\/\/istitutocomprensivoprimosora.edu.it\/scuola\/?page_id=696&#038;embed=true#?secret=T8XdxouqRk#?secret=pdU4aJvwIe\" data-secret=\"pdU4aJvwIe\" width=\"500\" height=\"282\" frameborder=\"0\" marginwidth=\"0\" marginheight=\"0\" scrolling=\"no\"><\/iframe>\n<\/div><\/figure>\n\n\n\n<figure class=\"wp-block-embed is-type-wp-embed is-provider-istituto-comprensivo-quot-sora-1-quot wp-block-embed-istituto-comprensivo-quot-sora-1-quot\"><div class=\"wp-block-embed__wrapper\">\n<blockquote class=\"wp-embedded-content\" data-secret=\"XLXrigqZtU\"><a href=\"http:\/\/istitutocomprensivoprimosora.edu.it\/scuola\/?page_id=699\">PON \u201cRETI LOCALI, CABLATE E WIRELESS\u201d<\/a><\/blockquote><iframe loading=\"lazy\" class=\"wp-embedded-content\" sandbox=\"allow-scripts\" security=\"restricted\" style=\"position: absolute; clip: rect(1px, 1px, 1px, 1px);\" title=\"&#8220;PON \u201cRETI LOCALI, CABLATE E WIRELESS\u201d&#8221; &#8212; Istituto Comprensivo &quot;Sora 1&quot;\" src=\"http:\/\/istitutocomprensivoprimosora.edu.it\/scuola\/?page_id=699&#038;embed=true#?secret=ahb34uJe7l#?secret=XLXrigqZtU\" data-secret=\"XLXrigqZtU\" width=\"500\" height=\"282\" frameborder=\"0\" marginwidth=\"0\" marginheight=\"0\" scrolling=\"no\"><\/iframe>\n<\/div><\/figure>\n\n\n\n<figure class=\"wp-block-embed is-type-wp-embed is-provider-istituto-comprensivo-quot-sora-1-quot wp-block-embed-istituto-comprensivo-quot-sora-1-quot\"><div class=\"wp-block-embed__wrapper\">\n<blockquote class=\"wp-embedded-content\" data-secret=\"dpLNYAxJWM\"><a href=\"http:\/\/istitutocomprensivoprimosora.edu.it\/scuola\/?page_id=702\">I Progetti PON FSE approvati al nostro Istituto fino al 2020<\/a><\/blockquote><iframe loading=\"lazy\" class=\"wp-embedded-content\" sandbox=\"allow-scripts\" security=\"restricted\" style=\"position: absolute; clip: rect(1px, 1px, 1px, 1px);\" title=\"&#8220;I Progetti PON FSE approvati al nostro Istituto fino al 2020&#8221; &#8212; Istituto Comprensivo &quot;Sora 1&quot;\" src=\"http:\/\/istitutocomprensivoprimosora.edu.it\/scuola\/?page_id=702&#038;embed=true#?secret=0daI9vEAQb#?secret=dpLNYAxJWM\" data-secret=\"dpLNYAxJWM\" width=\"500\" height=\"282\" frameborder=\"0\" marginwidth=\"0\" marginheight=\"0\" scrolling=\"no\"><\/iframe>\n<\/div><\/figure>\n","protected":false},"excerpt":{"rendered":"<p>Cosa sono i Fondi Strutturali Europei?I Fondi strutturali e di investimento europei (Fondi SIE) sono i principali strumenti finanziari della politica regionale dell\u2019Unione europea il cui scopo \u00e8 quello di rafforzare la coesione economica, sociale e [&hellip;]<\/p>\n","protected":false},"author":1,"featured_media":0,"parent":0,"menu_order":0,"comment_status":"closed","ping_status":"closed","template":"","meta":{"footnotes":""},"tags":[],"class_list":["post-676","page","type-page","status-publish","hentry"],"_links":{"self":[{"href":"http:\/\/istitutocomprensivoprimosora.edu.it\/scuola\/wp-json\/wp\/v2\/pages\/676","targetHints":{"allow":["GET"]}}],"collection":[{"href":"http:\/\/istitutocomprensivoprimosora.edu.it\/scuola\/wp-json\/wp\/v2\/pages"}],"about":[{"href":"http:\/\/istitutocomprensivoprimosora.edu.it\/scuola\/wp-json\/wp\/v2\/types\/page"}],"author":[{"embeddable":true,"href":"http:\/\/istitutocomprensivoprimosora.edu.it\/scuola\/wp-json\/wp\/v2\/users\/1"}],"replies":[{"embeddable":true,"href":"http:\/\/istitutocomprensivoprimosora.edu.it\/scuola\/wp-json\/wp\/v2\/comments?post=676"}],"version-history":[{"count":9,"href":"http:\/\/istitutocomprensivoprimosora.edu.it\/scuola\/wp-json\/wp\/v2\/pages\/676\/revisions"}],"predecessor-version":[{"id":704,"href":"http:\/\/istitutocomprensivoprimosora.edu.it\/scuola\/wp-json\/wp\/v2\/pages\/676\/revisions\/704"}],"wp:attachment":[{"href":"http:\/\/istitutocomprensivoprimosora.edu.it\/scuola\/wp-json\/wp\/v2\/media?parent=676"}],"wp:term":[{"taxonomy":"post_tag","embeddable":true,"href":"http:\/\/istitutocomprensivoprimosora.edu.it\/scuola\/wp-json\/wp\/v2\/tags?post=676"}],"curies":[{"name":"wp","href":"https:\/\/api.w.org\/{rel}","templated":true}]}}

<p><strong>Cosa sono i Fondi Strutturali Europei?</strong><br />I Fondi strutturali e di investimento europei (Fondi SIE) sono i principali strumenti finanziari della politica regionale dell’Unione europea il cui scopo è quello di rafforzare la coesione economica, sociale e territoriale riducendo il divario fra le regioni più avanzate e quelle in ritardo di sviluppo.<br />Le risorse previste da questi fondi vengono distribuite secondo una programmazione settennale. Al fine di rafforzare il sistema dell’istruzione e della formazione, il Ministero dell’Istruzione, dell’Università e della Ricerca (MIUR) ha promosso la realizzazione di interventi finanziati dai Fondi Strutturali durante tre cicli di programmazione (1994-1999; 2000-2006 e 2007-2013).<br />Per il periodo di programmazione 2014-2020, il MIUR sarà responsabile dell’attuazione del Programma Operativo Nazionale “Per la Scuola. Competenze e ambienti per l’apprendimento” (PON), che prevede interventi di sviluppo delle competenze, finanziati dal FSE, ed interventi per il miglioramento degli ambienti e delle attrezzature per la didattica, finanziati dal FESR.</p>
<p>Il Fondo Sociale Europeo (FSE), investe nelle persone, riservando speciale attenzione al miglioramento delle opportunità di formazione e occupazione. Si propone, inoltre, di aiutare le persone svantaggiate a rischio di povertà o esclusione sociale. Il FSE si concentrerà su quattro obiettivi tematici della politica di coesione: la promozione dell’occupazione e il sostegno alla mobilità dei lavoratori; la promozione dell’inclusione sociale e la lotta contro la povertà; l’investimento in istruzione, competenze e apprendimento permanente; il miglioramento della capacità istituzionale e l’efficienza dell’amministrazione pubblica.</p>
<p><blockquote class="wp-embedded-content" data-secret="XoabpdE6pb"><a href="http://istitutocomprensivoprimosora.edu.it/scuola/?page_id=684">13.1.5A-FESRPON-LA2022-148 “AMBIENTI DIDATTICI INNOVATIVI PER LE SCUOLE DELL’INFANZIA”</a></blockquote><iframe loading="lazy" class="wp-embedded-content" sandbox="allow-scripts" security="restricted" style="position: absolute; clip: rect(1px, 1px, 1px, 1px);" title="&#8220;13.1.5A-FESRPON-LA2022-148 “AMBIENTI DIDATTICI INNOVATIVI PER LE SCUOLE DELL’INFANZIA”&#8221; &#8212; Istituto Comprensivo &quot;Sora 1&quot;" src="http://istitutocomprensivoprimosora.edu.it/scuola/?page_id=684&#038;embed=true#?secret=9BU5TPRKsT#?secret=XoabpdE6pb" data-secret="XoabpdE6pb" width="500" height="282" frameborder="0" marginwidth="0" marginheight="0" scrolling="no"></iframe></p>


<figure class="wp-block-embed is-type-wp-embed is-provider-istituto-comprensivo-quot-sora-1-quot wp-block-embed-istituto-comprensivo-quot-sora-1-quot"><div class="wp-block-embed__wrapper">
<blockquote class="wp-embedded-content" data-secret="b2rUqzdykT"><a href="http://istitutocomprensivoprimosora.edu.it/scuola/?page_id=687">POC-FSE Socialità, Apprendimenti e Accoglienza</a></blockquote><iframe loading="lazy" class="wp-embedded-content" sandbox="allow-scripts" security="restricted" style="position: absolute; clip: rect(1px, 1px, 1px, 1px);" title="&#8220;POC-FSE Socialità, Apprendimenti e Accoglienza&#8221; &#8212; Istituto Comprensivo &quot;Sora 1&quot;" src="http://istitutocomprensivoprimosora.edu.it/scuola/?page_id=687&#038;embed=true#?secret=u10AC6hBT0#?secret=b2rUqzdykT" data-secret="b2rUqzdykT" width="500" height="282" frameborder="0" marginwidth="0" marginheight="0" scrolling="no"></iframe>
</div></figure>



<figure class="wp-block-embed is-type-wp-embed is-provider-istituto-comprensivo-quot-sora-1-quot wp-block-embed-istituto-comprensivo-quot-sora-1-quot"><div class="wp-block-embed__wrapper">
<blockquote class="wp-embedded-content" data-secret="8K6c1NPSJR"><a href="http://istitutocomprensivoprimosora.edu.it/scuola/?page_id=690">10.2.2A-FDRPOC-LA-2022-142 “COMPETENZE DI BASE”</a></blockquote><iframe loading="lazy" class="wp-embedded-content" sandbox="allow-scripts" security="restricted" style="position: absolute; clip: rect(1px, 1px, 1px, 1px);" title="&#8220;10.2.2A-FDRPOC-LA-2022-142 “COMPETENZE DI BASE”&#8221; &#8212; Istituto Comprensivo &quot;Sora 1&quot;" src="http://istitutocomprensivoprimosora.edu.it/scuola/?page_id=690&#038;embed=true#?secret=5aNxbkEFjp#?secret=8K6c1NPSJR" data-secret="8K6c1NPSJR" width="500" height="282" frameborder="0" marginwidth="0" marginheight="0" scrolling="no"></iframe>
</div></figure>



<figure class="wp-block-embed is-type-wp-embed is-provider-istituto-comprensivo-quot-sora-1-quot wp-block-embed-istituto-comprensivo-quot-sora-1-quot"><div class="wp-block-embed__wrapper">
<blockquote class="wp-embedded-content" data-secret="QWsJUVRGGp"><a href="http://istitutocomprensivoprimosora.edu.it/scuola/?page_id=693">Progetti PON FESR a.s.2021</a></blockquote><iframe loading="lazy" class="wp-embedded-content" sandbox="allow-scripts" security="restricted" style="position: absolute; clip: rect(1px, 1px, 1px, 1px);" title="&#8220;Progetti PON FESR a.s.2021&#8221; &#8212; Istituto Comprensivo &quot;Sora 1&quot;" src="http://istitutocomprensivoprimosora.edu.it/scuola/?page_id=693&#038;embed=true#?secret=98HxjNd2Gm#?secret=QWsJUVRGGp" data-secret="QWsJUVRGGp" width="500" height="282" frameborder="0" marginwidth="0" marginheight="0" scrolling="no"></iframe>
</div></figure>



<figure class="wp-block-embed is-type-wp-embed is-provider-istituto-comprensivo-quot-sora-1-quot wp-block-embed-istituto-comprensivo-quot-sora-1-quot"><div class="wp-block-embed__wrapper">
<blockquote class="wp-embedded-content" data-secret="pdU4aJvwIe"><a href="http://istitutocomprensivoprimosora.edu.it/scuola/?page_id=696">PON “DIGITAL BOARD”</a></blockquote><iframe loading="lazy" class="wp-embedded-content" sandbox="allow-scripts" security="restricted" style="position: absolute; clip: rect(1px, 1px, 1px, 1px);" title="&#8220;PON “DIGITAL BOARD”&#8221; &#8212; Istituto Comprensivo &quot;Sora 1&quot;" src="http://istitutocomprensivoprimosora.edu.it/scuola/?page_id=696&#038;embed=true#?secret=T8XdxouqRk#?secret=pdU4aJvwIe" data-secret="pdU4aJvwIe" width="500" height="282" frameborder="0" marginwidth="0" marginheight="0" scrolling="no"></iframe>
</div></figure>



<figure class="wp-block-embed is-type-wp-embed is-provider-istituto-comprensivo-quot-sora-1-quot wp-block-embed-istituto-comprensivo-quot-sora-1-quot"><div class="wp-block-embed__wrapper">
<blockquote class="wp-embedded-content" data-secret="XLXrigqZtU"><a href="http://istitutocomprensivoprimosora.edu.it/scuola/?page_id=699">PON “RETI LOCALI, CABLATE E WIRELESS”</a></blockquote><iframe loading="lazy" class="wp-embedded-content" sandbox="allow-scripts" security="restricted" style="position: absolute; clip: rect(1px, 1px, 1px, 1px);" title="&#8220;PON “RETI LOCALI, CABLATE E WIRELESS”&#8221; &#8212; Istituto Comprensivo &quot;Sora 1&quot;" src="http://istitutocomprensivoprimosora.edu.it/scuola/?page_id=699&#038;embed=true#?secret=ahb34uJe7l#?secret=XLXrigqZtU" data-secret="XLXrigqZtU" width="500" height="282" frameborder="0" marginwidth="0" marginheight="0" scrolling="no"></iframe>
</div></figure>



<figure class="wp-block-embed is-type-wp-embed is-provider-istituto-comprensivo-quot-sora-1-quot wp-block-embed-istituto-comprensivo-quot-sora-1-quot"><div class="wp-block-embed__wrapper">
<blockquote class="wp-embedded-content" data-secret="dpLNYAxJWM"><a href="http://istitutocomprensivoprimosora.edu.it/scuola/?page_id=702">I Progetti PON FSE approvati al nostro Istituto fino al 2020</a></blockquote><iframe loading="lazy" class="wp-embedded-content" sandbox="allow-scripts" security="restricted" style="position: absolute; clip: rect(1px, 1px, 1px, 1px);" title="&#8220;I Progetti PON FSE approvati al nostro Istituto fino al 2020&#8221; &#8212; Istituto Comprensivo &quot;Sora 1&quot;" src="http://istitutocomprensivoprimosora.edu.it/scuola/?page_id=702&#038;embed=true#?secret=0daI9vEAQb#?secret=dpLNYAxJWM" data-secret="dpLNYAxJWM" width="500" height="282" frameborder="0" marginwidth="0" marginheight="0" scrolling="no"></iframe>
</div></figure>

<p>Cosa sono i Fondi Strutturali Europei?I Fondi strutturali e di investimento europei (Fondi SIE) sono i principali strumenti finanziari della politica regionale dell’Unione europea il cui scopo è quello di rafforzare la coesione economica, sociale e [&hellip;]</p>
